of 1293?
False
Is 1342 a multiple of 3?
False
Is 53331 a multiple of 140?
False
Is 607 a multiple of 10?
False
Is 20 a factor of 80?
True
Is 21476 a multiple of 17?
False
Does 86 divide 17114?
True
Is 501 a multiple of 33?
False
Is 49221 a multiple of 27?
True
Is 1749 a multiple of 11?
True
Does 41 divide 1346?
False
Is 14 a factor of 16632?
True
Does 11 divide 4625?
False
Does 92 divide 54730?
False
Is 43260 a multiple of 12?
True
Is 9 a factor of 4698?
True
Does 6 divide 35156?
False
Does 218 divide 10328?
False
Is 3 a factor of 45?
True
Is 2120 a multiple of 67?
False
Does 27 divide 124?
False
Is 36 a factor of 6399?
False
Is 21 a factor of 2772?
True
Is 19 a factor of 182?
False
Is 40 a factor of 592?
False
Does 2 divide 751?
False
Is 20724 a multiple of 66?
True
Is 19 a factor of 2303?
False
Is 15824 a multiple of 13?
False
Is 686 a multiple of 8?
False
Is 710 a multiple of 15?
False
Does 46 divide 19607?
False
Does 28 divide 2324?
True
Is 15 a factor of 181?
False
Does 25 divide 3200?
True
Does 65 divide 60258?
False
Is 5925 a multiple of 47?
False
Is 25 a factor of 1071?
False
Is 3 a factor of 469?
False
Does 28 divide 2617?
False
Is 5 a factor of 970?
True
Is 1911 a multiple of 21?
True
Is 945 a multiple of 15?
True
Is 6 a factor of 6282?
True
Is 44 a factor of 29964?
True
Does 2 divide 301?
False
Does 12 divide 8651?
False
Is 67 a factor of 13065?
True
Does 153 divide 16113?
False
Is 18 a factor of 2249?
False
Does 3 divide 72?
True
Does 19 divide 1425?
True
Is 6664 a multiple of 23?
False
Does 77 divide 1278?
False
Is 1920 a multiple of 24?
True
Is 5656 a multiple of 20?
False
Is 3548 a multiple of 2?
True
Does 9 divide 171?
True
Is 20049 a multiple of 49?
False
Is 76 a factor of 14822?
False
Is 8 a factor of 33?
False
Is 3 a factor of 1248?
True
Does 9 divide 324?
True
Is 6 a factor of 552?
True
Is 13 a factor of 4979?
True
Is 232 a multiple of 29?
True
Does 74 divide 2025?
False
Is 20 a factor of 2933?
False
Is 40 a factor of 5280?
True
Does 7 divide 16191?
True
Does 73 divide 730?
True
Is 18 a factor of 572?
False
Does 26 divide 988?
True
Does 26 divide 546?
True
Is 33 a factor of 899?
False
Is 13 a factor of 3316?
False
Is 9 a factor of 767?
False
Does 24 divide 12360?
True
Is 506 a multiple of 2?
True
Does 7 divide 3795?
False
Is 6 a factor of 1825?
False
Is 46 a factor of 322?
True
Is 21 a multiple of 6?
False
Is 740 a multiple of 37?
True
Does 58 divide 5974?
True
Does 17 divide 204?
True
Does 11 divide 4429?
False
Is 589 a multiple of 19?
True
Is 1484 a multiple of 28?
True
Does 14 divide 33215?
False
Is 7264 a multiple of 6?
False
Is 92 a multiple of 4?
True
Is 40 a factor of 4160?
True
Is 96 a factor of 2792?
False
Is 1390 a multiple of 127?
False
Does 13 divide 51359?
False
Is 10 a factor of 1526?
False
Is 43510 a multiple of 103?
False
Is 2214 a multiple of 18?
True
Is 4368 a multiple of 91?
True
Does 98 divide 1406?
False
Does 17 divide 527?
True
Is 40 a factor of 34712?
False
Is 3140 a multiple of 4?
True
Does 87 divide 36453?
True
Is 57 a factor of 228?
True
Does 16 divide 3743?
False
Is 720 a multiple of 80?
True
Is 6 a factor of 447?
False
Is 20196 a multiple of 11?
True
Is 32 a factor of 1248?
True
Does 15 divide 1545?
True
Does 61 divide 11651?
True
Is 21 a factor of 568?
False
Is 46803 a multiple of 20?
False
Does 134 divide 22746?
False
Does 10 divide 6320?
True
Is 7 a factor of 487?
False
Is 726 a multiple of 6?
True
Is 67 a factor of 1631?
False
Does 37 divide 17760?
True
Is 8 a factor of 28152?
True
Does 4 divide 2256?
True
Is 2239 a multiple of 2?
False
Is 6 a factor of 948?
True
Does 15 divide 2375?
False
Is 1096 a multiple of 8?
True
Is 420 a multiple of 42?
True
Is 256 a multiple of 8?
True
Is 2480 a multiple of 40?
True
Is 30 a multiple of 15?
True
Does 99 divide 3170?
False
Is 427 a multiple of 23?
False
Is 37 a factor of 14134?
True
Is 10692 a multiple of 110?
False
Does 29 divide 7830?
True
Is 27946 a multiple of 16?
False
Does 72 divide 105503?
False
Is 26244 a multiple of 36?
True
Is 22 a factor of 12534?
False
Is 3049 a multiple of 26?
False
Is 287 a multiple of 7?
True
Is 2 a factor of 1564?
True
Is 16834 a multiple of 27?
False
Is 4530 a multiple of 5?
True
Is 9 a factor of 3771?
True
Is 3 a factor of 284?
False
Is 25085 a multiple of 9?
False
Is 84 a factor of 2167?
False
Is 239 a factor of 84128?
True
Is 15588 a multiple of 9?
True
Does 30 divide 33425?
False
Does 36 divide 1035?
False
Does 5 divide 779?
False
Is 2992 a multiple of 8?
True
Is 63 a factor of 1236?
False
Does 5 divide 1165?
True
Is 4401 a multiple of 27?
True
Is 94 a factor of 1223?
False
Does 9 divide 85?
False
Is 4535 a multiple of 18?
False
Is 24026 a multiple of 57?
False
Does 6 divide 399?
False
Does 8 divide 9947?
False
Is 3 a factor of 548?
False
Does 39 divide 174?
False
Is 62 a factor of 3133?
False
Does 18 divide 58?
False
Does 7 divide 182?
True
Is 4388 a multiple of 79?
False
Is 20 a factor of 8207?
False
Is 1488 a multiple of 50?
False
Does 10 divide 360?
True
Is 18 a factor of 21765?
False
Does 157 divide 3223?
False
Is 50544 a multiple of 243?
True
Is 1334 a multiple of 29?
True
Is 113370 a multiple of 30?
True
Does 3 divide 1180?
False
Is 29 a factor of 767?
False
Is 889 a multiple of 5?
False
Is 5 a factor of 1730?
True
Is 155508 a multiple of 474?
False
Is 63 a factor of 2205?
True
Does 295 divide 1909?
False
Does 51 divide 306?
True
Is 3 a factor of 11?
False
Does 11 divide 308?
True
Does 82 divide 1722?
True
Is 50083 a multiple of 29?
True
Does 60 divide 960?
True
Is 4400 a multiple of 110?
True
Is 31 a factor of 31?
True
Is 1913 even?
False
Is 5 a factor of 1124?
False
Does 7 divide 1127?
True
Does 6 divide 175?
False
Does 18 divide 2758?
False
Is 12144 a multiple of 11?
True
Does 8 divide 2600?
True
Is 3 a factor of 988?
False
Is 5 a factor of 55?
True
Does 13 divide 1872?
True
Is 22 a factor of 32581?
False
Is 16 a factor of 913?
False
Is 94672 a multiple of 16?
True
Is 211 a factor of 31372?
False
Does 45 divide 1031?
False
Does 27 divide 7685?
False
Is 38 a factor of 2098?
False
Is 46 a factor of 361?
False
Is 38 a factor of 1900?
True
Does 27 divide 540?
True
Is 447 a multiple of 7?
False
Is 14 a factor of 30744?
True
Is 476 a multiple of 26?
False
Is 66 a factor of 1056?
True
Is 93 a factor of 33015?
True
Does 94 divide 39569?
False
Is 14 a factor of 1148?
True
Does 98 divide 2743?
False
Is 16 a factor of 8298?
False
Is 41 a factor of 64548?
False
Is 11 a factor of 1067?
True
Does 63 divide 1071?
True
Is 63 a factor of 3278?
False
Is 104 a factor of 73140?
False
Does 14 divide 1064?
True
Is 1720 a multiple of 20?
True
Is 21679 a multiple of 101?
False
Is 16 a factor of 96?
True
Is 43 a factor of 1041?
False
Does 18 divide 61992?
True
Is 192 a multiple of 16?
True
Is 4816 a multiple of 14?
True
Is 68 a factor of 7743?
False
Is 231 a multiple of 11?
True
Is 315 a multiple of 7?
True
Is 10318 a multiple of 11?
True
Is 80 a factor of 1120?
True
Does 21 divide 11277?
True
Is 632 a multiple of 8?
True
Does 89 divide 676?
False
Does 8 divide 8368?
True
Does 138 divide 5574?
False
Is 684 a multiple of 25?
False
Is 51 a factor of 13056?
True
Does 8 divide 264?
True
Does 14 divide 1008?
True
Is 20 a factor of 37200?
True
Is 11 a factor of 1551?
True
Is 299 a multiple of 11?
False
Is 27 a factor of 3804?
False
Does 26 divide 41768?
False
Is 47 a factor of 3552?
False
Is 37 a factor of 962?
True
Is 1583 a multiple of 72?
False
Is 5809 a multiple of 81?
False
Does 215 divide 10965?
True
Is 12 a factor of 6928?
False
Does 10 divide 6106?
False
Does 69 divide 116?
False
Is 4 a factor of 943?
False
Is 2726 a multiple of 29?
True
Is 532 even?
True
Does 6 divide 12063?
False
Does 15 divide 2790?
True
Is 1318 a multiple of 159?
False
Is 16506 a multiple of 131?
True
Does 14 divide 2776?
False
Does 15 divide 31170?
True
Is 22 a factor of 4872?
False
Does 13 divide 4199?
True
Is 28 a factor of 27664?
True
Is 1134 a multiple of 27?
True
Is 140 a multiple of 14?
True
Does 21 divide 567?
True
Is 17 a factor of 187?
True
Does 10 divide 24321?
False
Does 50 divide 80433?
False
Is 14 a factor of 168?
True
Is 4229 a multiple of 8?
False
Is 4252 a multiple of 4?
True
Is 110328 a multiple of 14?
False
Is 1380 a multiple of 21?
F